 d(n) = -n**3 - 42*n**2 + 317*n - 168. Let u be d(-50). Calculate the highest common divisor of 44 and u.
22
Let y = -35 + 35. Suppose 37*i - 41*i + 12 = y. Suppose -i*x + 808 = 262. What is the highest common divisor of x and 14?
14
Suppose -4*c + 3*v - 1 = 8*v, -c - v = 0. Let p be (-1 - c - -9)*3. What is the highest common factor of 91 and p?
7
Let f(g) = 2*g**2 + 16*g + 12. Let u be f(0). Let s be (-6)/27 + 382/18. Let d be 14/s*(-36)/(-2). Calculate the greatest common factor of u and d.
12
Suppose -2*n = -62*n + 2700. What is the highest common divisor of n and 3735?
45
Let x be (-26)/2 - 2050/(-25). Calculate the highest common divisor of 506 and x.
23
Let i(n) = -n + 870. Let d be i(-12). What is the greatest common factor of 28 and d?
14
Let r(l) = -2*l**3 + 9*l**2 + 18*l + 2. Let t be r(6). Suppose t*a - 26 = 18. Calculate the greatest common divisor of a and 231.
11
Let i(k) = 173*k - 3236. Let w be i(20). Calculate the highest common factor of 210 and w.
14
Suppose 0 = -4*q + 4*r + 236, 0 = -q + r + 2*r + 49. Let c be q/2 + -9 + 5. What is the highest common factor of 98 and c?
14
Suppose 2*u - 25 = -3*u + 5*c, -5*u - 25 = 5*c. Let t be (-360)/(-2 - 1) - u. Let g be t/2 - 1*4. What is the greatest common factor of g and 7?
7
Let w(a) = 24*a**3 + 11*a**2 - 20*a + 31. Let h be w(5). What is the greatest common factor of 42 and h?
14
Suppose 51*d - 8244 = 47*d - 6*t, -t = -3*d + 6216. What is the greatest common divisor of d and 195?
15
Let s be -48*(-3 + 30/(-12)). Let z = 368 - s. What is the greatest common factor of z and 8?
8
Suppose -3*s - 5*t + 1466 = -6*t, -3*t + 472 = s. Suppose -11*d + s + 41 = 0. What is the greatest common divisor of d and 416?
16
Let u(x) = 2*x**2 - 2*x + 2. Let k be 0 + 2 + (-36)/18. Let l be u(k). Suppose 6*o - 7*o + l = 0. Calculate the highest common factor of 4 and o.
2
Let u(l) = l**3 + 31*l**2 + 139*l - 93. Let q be u(-25). What is the greatest common divisor of q and 78?
26
Let g = -14087 + 16960. What is the highest common factor of 1547 and g?
221
Let l be 56/(-64) - (-9253)/152. What is the greatest common divisor of l and 1484?
4
Let i(s) = s**2 + 235 - 2*s**2 - 7 + 8*s + 35*s. Let r be i(36). What is the greatest common divisor of r and 20?
20
Let j(z) = 17*z**2 + 40*z - 575. Let q be j(14). What is the greatest common factor of 856 and q?
107
Let g = 20 - 15. Let v(q) = -q + 19. Suppose -1 + 15 = n. Let k be v(n). What is the greatest common factor of k and g?
5
Let n(k) = k**3 + 9*k**2 - 20*k + 19. Let z be n(-10). Suppose 9*l - 124 - z = 0. Calculate the highest common divisor of 63 and l.
9
Let d(h) = -h**2 - 12*h + 58. Let c be d(-14). Let l = 17 + -11. Calculate the greatest common factor of c and l.
6
Let w be 4/8 - (-2 - 902/4). Suppose -5*f = 3*j - w, 3*f + j - 181 = -f. What is the highest common factor of 60 and f?
15
Let x be -6 - (-9)/(54/(-3984)). Let l = x + 829. Calculate the highest common divisor of 371 and l.
53
Suppose 279 = -16*h + 13*h. Let r be 914/6 + -1 - 62/h. Suppose -q + 47 = -5*f + r, 3*f = q + 65. What is the greatest common factor of 100 and f?
20
Let s = -98 + 32. Let l be (-6 + s/(-8))/((-18)/(-480)). Calculate the highest common divisor of l and 140.
20
Suppose -4*g + 4*s + 18068 = 0, -g + 3*s + 6713 = 2192. Suppose -g = 7*o - 28*o. What is the highest common factor of 129 and o?
43
Let p be 3281/((10 + -14)/(-4)). Calculate the highest common factor of p and 17.
17
Let m be 14895/270 - 56 - 143/(-6). What is the greatest common factor of m and 43286?
23
Suppose 7*s - 10*s + 345 = 0. Suppose -15*o = -s - 80. Calculate the highest common factor of 65 and o.
13
Suppose -13*o + 202 = 4*w - 15*o, 0 = 5*o + 25. Suppose 0 = -2*a + 5*a + g - 154, 3*g = a - w. Calculate the greatest common factor of a and 663.
51
Let p(q) = -130*q + 3890. Let u be p(12). Calculate the highest common divisor of u and 70.
10
Let m be (-2)/(2 + 4 + (-708)/174 + -2). Calculate the greatest common divisor of 5336 and m.
29
Suppose 24 = 6*y - 4*y. Suppose -2*m - t + 4*t = -y, -m + t = -8. Suppose m = -0*q + 3*q. Calculate the highest common factor of 44 and q.
4
Suppose 0*l + 4*l - 19140 = -54*l. Calculate the highest common factor of l and 572.
22
Let z be 31/93 - (-2)/(6/5). Suppose 5*m = z*a + 24, 6*a - a - 6 = -4*m. Let c be 24/(-16)*4/(-6). What is the greatest common divisor of m and c?
1
Let w be (5 - 2)/(-3*5/(-40)). Suppose 5*q = q - w, -4*r + 2*q = -52. Calculate the greatest common divisor of 264 and r.
12
Suppose 29*a - 6434 + 1657 = 4967. Calculate the greatest common factor of 308 and a.
28
Let l = -19343 - -25337. What is the highest common divisor of l and 36?
18
Let d be ((-2)/4)/((-18)/(-36)) - 4. Let a be (25/(-3))/5*15/d. Calculate the highest common divisor of a and 5.
5
Let u(p) = -37*p + 302. Let g be u(8). What is the greatest common factor of 1608 and g?
6
Suppose 2*x - 419 = -5*n, 5*x = 4*x - n + 208. Suppose 0 = 262*l - 265*l + x. What is the greatest common factor of 69 and l?
69
Let d(f) = -f**2 + 17*f - 7. Let m be d(16). Let n = 11 - m. Suppose -2*y + 6*p - 4*p = -6, y + 2 = n*p. Calculate the highest common divisor of 40 and y.
8
Suppose 0*y + 42 = w + 2*y, 0 = -w + 3*y + 37. Suppose -5*a = 3*f - 18, 4*a + 17 - 25 = -2*f. Calculate the highest common divisor of f and w.
8
Let i(t) = -71*t**2 + 2*t + 2. Let d be i(2). Let s = 102 + -254. Let p = s - d. Calculate the greatest common divisor of 9 and p.
9
Let y = 32 + -50. Let f = y - -30. Suppose -f*h + 16*h - 588 = 0. Calculate the highest common factor of 49 and h.
49
Let n(w) = -w**2 + 34*w - 35. Let b be n(33). Let x be 52/(b/(-8 + 4)). Calculate the highest common divisor of 78 and x.
26
Let s(k) = 2274*k - 6284. Let b be s(4). Calculate the greatest common factor of 76 and b.
76
Let v be (-6*(3 + -1))/2. Let i be -3 + 477 + (-3 - v). Suppose -i = -20*k - 97. Calculate the highest common divisor of k and 76.
19
Let r = 434 + -182. Let z(b) = -9*b - 51. Let p be z(-6). Suppose 36 = -p*t + 120. Calculate the greatest common factor of t and r.
28
Let y(v) = 3*v**2 - 40*v - 3028. Let d be y(-34). Calculate the greatest common divisor of d and 210.
30
Let y be ((-1)/(-2))/((-7)/(-28)). Let v be 1 + 0 + (y - 2). Let m = 3104 + -3091. What is the greatest common factor of m and v?
1
Suppose -152*d + 76 = -148*d. Suppose -d = y - 65. What is the highest common divisor of y and 161?
23
Let w be 58/783 - 33370/(-27). Let k be -36*((-1)/3 - 0). Calculate the greatest common factor of k and w.
12
Let n(k) = 3 - k**2 + 15*k - 33*k + 0. Let y be n(-12). Suppose -c + 35 = -3*d - y, 2*c = 5*d + 220. What is the greatest common divisor of 22 and c?
22
Suppose 0 = -5*h + h - 4. Let x(j) = 2*j**2 - 19. Let g be x(3). Let n be -5 - (h - (-34)/g). What is the highest common factor of 210 and n?
30
Suppose -4*m - 398 = -82. Suppose 4*s = -u - 443, -5*s - u + 0*u - 555 = 0. Let h = m - s. What is the greatest common divisor of 3 and h?
3
Suppose 168 = 2*o - 2*w, 5*w - 242 = -2*o - 81. What is the greatest common factor of 8051 and o?
83
Suppose u + 2*k = 3024, -4418 - 4614 = -3*u - k. Calculate the highest common divisor of 846 and u.
94
Let v be (-960)/(-9) - (-4)/(-6). Let u = v - 103. Suppose 2*r + 23 = u*r. Calculate the highest common factor of r and 184.
23
Let j = -10 + 26. Let c be j/10 + (-18)/(-45). Suppose -12 = -4*h, c*a + 3*h - 8*h = 17. Calculate the greatest common divisor of a and 64.
16
Let y = -620 - -623. Suppose -y*x - 4*l + 254 = 0, -5*l + 1 + 24 = 0. What is the highest common divisor of 351 and x?
39
Let r = 62 - 60. Suppose 70 = 2*v - 4*y + 2*y, y - r = 0. Suppose d + 3*a - v = 8*a, 5*d = -2*a + 239. What is the greatest common factor of d and 423?
47
Let d = 168 + -18. Let h(f) = -21*f + 11*f - f**3 + f**2 + 5*f**2 + 12*f + 18. Let j be h(6). Calculate the highest common divisor of d and j.
30
Suppose 9*o + 4640 = 25*o. Let p = -245 + 361. Calculate the highest common factor of o and p.
58
Let i(c) = 3*c - 20. Let w be i(9). Suppose -8 = -9*b + 10. Let m be (0 + 6/4 + -1)*b. Calculate the highest common divisor of m and w.
1
Suppose 0 = m - r - 3*r - 518, 3*m = 2*r + 1614. Calculate the highest common divisor of 4607 and m.
271
Let i be 174*(-15)/((-135)/66). What is the greatest common factor of 